-5*v + 161. Calculate the greatest common factor of v and 12.
12
Suppose 4*w - 7 = -5*x, 13 = -5*x - 12. What is the highest common factor of 32 and w?
8
Let q(b) be the third derivative of -19*b**4/24 - b**3/2 - 2*b**2. Let k be q(-3). What is the highest common divisor of k and 36?
18
Suppose 0*m - 55 = -x - 2*m, 4*m - 275 = -5*x. Calculate the greatest common factor of x and 22.
11
Suppose m - 6*m + 45 = 0. What is the highest common factor of m and 72?
9
Suppose -q = t - 17, -t - 2*t - 51 = -3*q. Suppose 4*y + 3 = 15. Let b be (y/(-9))/((-1)/102). What is the highest common divisor of b and q?
17
Suppose 0 = -5*t + 2*w + 36, 5*t - 18 = -5*w + w. Suppose f - 3*j + 54 = 2*f, f - 54 = -4*j. Calculate the greatest common divisor of f and t.
6
Let f be 3/6 + (-2)/4. Suppose 3*k + 12 = f, -m - 5*k + 3*k = -4. Suppose 0 = 5*t - 119 - 1. Calculate the greatest common factor of t and m.
12
Let b(x) = 2*x**3 - x**2 + x - 2. Let i be b(2). What is the highest common factor of 3 and i?
3
Let u be ((-3)/2)/((-3)/220). Suppose 134 + u = -4*j. Let x = -37 - j. What is the highest common divisor of x and 60?
12
Let x = -17 + 59. Suppose 0 = 53*t - 46*t - 98. What is the highest common factor of x and t?
14
Let b be -5*-2*(-1)/(-2). Suppose -5 - b = 5*s. Let z be -9*(s - (-10)/6). Calculate the greatest common divisor of z and 21.
3
Let w be (3 + -4)*(1 - 136). Let s = 33 + -18. Calculate the greatest common factor of w and s.
15
Let r = 43 - 34. What is the highest common factor of r and 36?
9
Suppose 0 = 3*g + 4*l - 137, -3*l + 0*l + 171 = 4*g. What is the highest common divisor of g and 3?
3
Let t be 4/(4 - (-254)/(-64)). What is the highest common factor of t and 32?
32
Let j = -25 + 8. Let t = 28 + j. Suppose -4*d + 2*d = -5*y + 430, 0 = d - 5. What is the highest common divisor of t and y?
11
Suppose -49 = -5*j - o, 3*j - 5*o - 20 = 15. Let k = 1 - 35. Let d = -14 - k. Calculate the greatest common divisor of j and d.
10
Let m(g) = -g**3 + 7*g**2 - 6*g + 9. Let s be m(6). Calculate the greatest common factor of 6 and s.
3
Suppose -4*s = 3 - 31. What is the greatest common factor of 7 and s?
7
Let r be 5/(-15) - (-169)/3. What is the greatest common factor of 8 and r?
8
Suppose -2*q + 23 = -41. Suppose -r = -3*r + q. What is the greatest common divisor of r and 2?
2
Let v = 13 + -10. Suppose -3*c - q + 3 = 0, -c - 2*q = v + 1. Calculate the highest common factor of c and 6.
2
Let s(x) = x**3 - 7*x**2 - x + 7. Let i be s(7). Suppose i = 3*p + 5 - 8. What is the highest common factor of 7 and p?
1
Let c be ((-6384)/9)/(-8) + (-4)/6. Calculate the greatest common divisor of c and 11.
11
Let s(p) = 19*p**2 + 3*p + 2. Let q be s(-1). Calculate the highest common divisor of q and 198.
18
Let c be (10 - 9)*3*11. Suppose 2*n + 3*n - 15 = 0. Calculate the highest common divisor of c and n.
3
Let o be 4 - -13 - (-1 - 2). What is the greatest common divisor of o and 5?
5
Suppose -481 = -4*p - 49. Suppose -5*f + 113 = 4*c, 5*c = -5*f + p + 2. What is the greatest common factor of f and 10?
5
Suppose x + 39 = -15. Let h be x/(-4) - (-5)/10. Calculate the greatest common factor of h and 42.
14
Let m(i) = 32*i + 2. Let q be m(-1). Let w = q - -32. Calculate the greatest common factor of 10 and w.
2
Suppose 35*x = 37*x - 180. Calculate the greatest common divisor of x and 18.
18
Suppose -50 = -10*z + 5*z. Let d(o) = 39*o**2 + 2*o - 1. Let j be d(1). Calculate the highest common divisor of j and z.
10
Suppose -3*l + 414 = 2*f, 5*f - 3*f + 4*l = 414. What is the highest common divisor of 23 and f?
23
Suppose 3*b = 4*o + 4*b - 17, -o = -2*b + 7. Suppose -4*v - 48 = -4*n, -3*n + o + 13 = 2*v. What is the highest common divisor of n and 1?
1
Suppose -17 + 59 = 6*l. What is the highest common factor of 14 and l?
7
Let p be (-232)/(-72) - (-6)/(-27). Let q = 2 + 7. What is the highest common divisor of q and p?
3
Let h(u) = 2*u**3 + 13*u**2 + 3*u - 6. Let n be h(-6). What is the highest common factor of 30 and n?
6
Let n(h) = -h - 3. Let c = 5 - 12. Let w be n(c). What is the greatest common divisor of w and 10?
2
Let u be 5/15*(1 - -17). Suppose 22 = 3*g - j - 0*j, -2*g + 5*j = -u. Calculate the greatest common divisor of g and 12.
4
Suppose 140 = -2*d + 4*d. What is the highest common factor of 10 and d?
10
Let l(b) = -b**2 - b - 1. Let m(t) = -4*t + 11. Let v(h) = -l(h) - m(h). Let w be v(-10). Calculate the highest common divisor of 60 and w.
20
Suppose -1 = -3*u - 4*a + 252, -3*u - 2*a = -263. Let g = u - 37. Calculate the greatest common factor of 18 and g.
18
Suppose -q - 3*u + 4 = -1, -3*q + 39 = u. Let f be 7*(5 + 0 + 0). What is the highest common divisor of f and q?
7
Let a(x) = 2*x - 21. Let k be a(14). Suppose -8*i + 209 = -k*i. Let q = -12 + 31. What is the greatest common divisor of i and q?
19
Suppose -4*h - 2*z = z + 30, 3*h + z + 20 = 0. Let w(l) = -4*l - 15. Let c be w(h). What is the greatest common factor of c and 18?
9
Let b = 101 + -47. Suppose -378 = -0*r - 2*r. Let s = r - b. What is the highest common factor of s and 15?
15
Let z be ((-18)/(-4))/((-6)/(-20)). What is the highest common divisor of z and 5?
5
Let h(s) = 32*s + 4. Let x be h(4). Suppose -2*l - z = 4*z + 1, 0 = -l + 2*z + 22. What is the greatest common factor of l and x?
12
Suppose 0 = -2*c, 4*l + 4*c + c = 760. What is the highest common factor of 10 and l?
10
Suppose q = -2*q - 4*k + 60, -4*q + 80 = 2*k. Suppose 13 = b - q. Let z be ((-25)/(-15))/(1/b). Calculate the highest common factor of 22 and z.
11
Let d(y) = 37*y**2 + 7*y + 9. Let n be d(-2). Calculate the greatest common factor of n and 13.
13
Suppose 385 = n + 119. Suppose 3*o - 260 = 2*g, -218 = -5*o - 5*g + 207. Suppose n + o = 2*q. Calculate the greatest common divisor of 16 and q.
16
Suppose -4*a + 112 = -p + 292, -3*a = 2*p - 327. Calculate the highest common factor of p and 24.
24
Let c(q) = q**2 + q + 3. Let u be c(-3). Calculate the greatest common factor of 153 and u.
9
Suppose 0 = -y + 2*y + s, -4*y = 2*s. Let o be y/4 + 74 + 2. What is the greatest common divisor of o and 19?
19
Suppose -28 = -m + 70. Calculate the greatest common divisor of m and 14.
14
Suppose 4*i + 0*i + 2*s - 40 = 0, 0 = -3*i + 4*s + 19. Suppose 29 - 11 = u. Calculate the highest common factor of u and i.
9
Let u be ((-4)/(-5))/(1/15). Suppose 4*o + h = -3*h - 20, 0 = 5*h. Let m = o + u. Calculate the highest common divisor of m and 21.
7
Suppose -2*m = m - 63. Suppose k - m = -2*k. Let b = -16 + 23. Calculate the greatest common divisor of k and b.
7
Let o = 117 - 27. Let y = -22 - -32. Calculate the greatest common factor of o and y.
10
Let s = -33 + 44. Calculate the highest common divisor of 88 and s.
11
Let w(z) = z**3. Let i be w(0). Suppose 0 = s + 1, 4*s = l - 0*l - 6. Let g be l/(-6)*(i + -3). What is the highest common factor of 9 and g?
1
Let w be -14 - (4 - (2 - -1)). Let j be 0 + 0/(-3) - w. Suppose -29 - j = -p. What is the highest common divisor of 110 and p?
22
Let l(s) = -s + 4. Let f(j) = j**2 + 6*j + 2. Let w(x) = -x**2 - 2. Let u be w(-2). Let q be f(u). Let t be l(q). What is the highest common factor of 5 and t?
1
Let x = 74 + 21. What is the greatest common divisor of x and 38?
19
Suppose -38 - 118 = -4*f. Suppose 5*i = 4*x - 50 + 154, -x = 2*i - f. Let h be 12/(-5)*i/(-3). What is the highest common divisor of 176 and h?
16
Let g(n) = -n**3 + 24*n**2 - 22*n + 11. Let u be g(23). Let i(q) = -16*q**3 + q**2 + q + 1. Let y be i(-1). What is the greatest common factor of y and u?
17
Let l(k) = 64*k - 1. Let u be l(1). Let j = 54 + -93. Let p = u + j. What is the greatest common factor of p and 3?
3
Let c be (-4324)/(-30) + (-24)/180. Calculate the highest common factor of c and 36.
36
Let m(u) = u**3 - 8*u**2 + 14*u - 3. Let i be m(2). Calculate the greatest common divisor of i and 10.
1
Let t be (10*-1)/(24/(-372)). Calculate the greatest common factor of 31 and t.
31
Let j(d) = 2*d**3 - 3*d**2 - 2*d - 3. Let k be j(3). Suppose 128 + 164 = 4*w. Suppose w = p + k. Calculate the highest common divisor of p and 11.
11
Let s be (-2)/7 + 2547/21. Suppose -2*m + 41 = 2*m - 3*t, 2*m + 4*t = 26. Calculate the greatest common factor of s and m.
11
Suppose -3*t - t + 20 = 0. Suppose 0 = -t*x + 75 + 20. Calculate the greatest c